{"id":1606,"date":"2013-10-11T23:19:36","date_gmt":"2013-10-11T23:19:36","guid":{"rendered":"http:\/\/nosolocomics.com\/wordpress\/?page_id=2"},"modified":"2013-10-11T23:19:36","modified_gmt":"2013-10-11T23:19:36","slug":"acerca-de-nosolocomics","status":"publish","type":"page","link":"https:\/\/www.nosolocomics.com\/blog\/acerca-de-nosolocomics\/","title":{"rendered":"Acerca de Nosolocomics"},"content":{"rendered":"<p><strong>Nosolocomics<\/strong> quiere ser un punto de encuentro para compartir inquietudes sobre todos esos mundos que tanto nos apasionan y que se basan tanto en personajes e historias de superh\u00e9roes,\u00a0como en sagas de fantas\u00eda y ciencia ficci\u00f3n y que viven en medios desde el mencionado c\u00f3mic, pasando por las novelas, juegos, series, pel\u00edculas y los diferentes art\u00edculos de merchandising.<\/p>\n<p>Nosolocomics, no trata s\u00f3lo de c\u00f3mics (el nombre no iba a ser casualidad), tambi\u00e9n quiere hablar y compartir aficiones que muchas veces tenemos aquellos de nosotros a los que nos apasiona el c\u00f3mic, aficiones que surgen, acaban o viven una existencia paralela a los c\u00f3mics.<\/p>\n<p>As\u00ed, aqu\u00ed podr\u00e9is ver noticias, comentarios y publicaciones sobre cine, literatura fant\u00e1stica y de ciencia ficci\u00f3n, juegos, miniaturas y figuras de acci\u00f3n entre otros. Y si alguno de los temas te gusta, pasaos por la tienda y podr\u00e9is adquirirlo. Actualmente, nosolocomics trabaja como revendedor de <strong>Amazon<\/strong> y os\u00a0da un acceso filtrado y cuidado a su amplio cat\u00e1logo de productos con la immejorable garant\u00eda y servicio de entrega de Amazon.<\/p>\n<p>Venid, entrad, y animaos a participar opinando sobre los art\u00edculos y recomend\u00e1ndolo a vuestros\u00a0amigos. Ah, y si hay alg\u00fan tema que quer\u00e1is\u00a0que tratemos o productos que quer\u00e1is\u00a0que busquemos para vosotros, no ten\u00e9is\u00a0m\u00e1s que decirlo, enviadnos un correo a <a href=\"mailto:nosolocomics@gmail.com\">nosolocomics@gmail.com<\/a>\u00a0y estaremos encantados de iniciar la investigaci\u00f3n&#8230;<\/p>\n<p>Un gran camino nos espera, un\u00edos\u00a0a nosotros, so\u00f1ad y disfrutad del viaje&#8230;<\/p>\n","protected":false},"excerpt":{"rendered":"<p>Nosolocomics quiere ser un punto de encuentro para compartir inquietudes sobre todos esos mundos que tanto nos apasionan y que se basan tanto en personajes e historias de superh\u00e9roes,\u00a0como en sagas de fantas\u00eda y ciencia ficci\u00f3n y que viven en medios desde el mencionado c\u00f3mic, pasando por las novelas, juegos, series, pel\u00edculas y los diferentes [&hellip;]<\/p>\n","protected":false},"author":1,"featured_media":0,"parent":0,"menu_order":1,"comment_status":"open","ping_status":"closed","template":"","meta":{"_monsterinsights_skip_tracking":false,"_monsterinsights_sitenote_active":false,"_monsterinsights_sitenote_note":"","_monsterinsights_sitenote_category":0,"footnotes":""},"class_list":["post-1606","page","type-page","status-publish","hentry"],"aioseo_notices":[],"_links":{"self":[{"href":"https:\/\/www.nosolocomics.com\/blog\/wp-json\/wp\/v2\/pages\/1606","targetHints":{"allow":["GET"]}}],"collection":[{"href":"https:\/\/www.nosolocomics.com\/blog\/wp-json\/wp\/v2\/pages"}],"about":[{"href":"https:\/\/www.nosolocomics.com\/blog\/wp-json\/wp\/v2\/types\/page"}],"author":[{"embeddable":true,"href":"https:\/\/www.nosolocomics.com\/blog\/wp-json\/wp\/v2\/users\/1"}],"replies":[{"embeddable":true,"href":"https:\/\/www.nosolocomics.com\/blog\/wp-json\/wp\/v2\/comments?post=1606"}],"version-history":[{"count":0,"href":"https:\/\/www.nosolocomics.com\/blog\/wp-json\/wp\/v2\/pages\/1606\/revisions"}],"wp:attachment":[{"href":"https:\/\/www.nosolocomics.com\/blog\/wp-json\/wp\/v2\/media?parent=1606"}],"curies":[{"name":"wp","href":"https:\/\/api.w.org\/{rel}","templated":true}]}}