{"id":248,"date":"2013-11-11T23:17:44","date_gmt":"2013-11-11T23:17:44","guid":{"rendered":"http:\/\/nosolocomics.com\/?page_id=248"},"modified":"2013-11-11T23:17:44","modified_gmt":"2013-11-11T23:17:44","slug":"aviso-legal","status":"publish","type":"page","link":"https:\/\/www.nosolocomics.com\/blog\/aviso-legal\/","title":{"rendered":"Aviso legal"},"content":{"rendered":"<p><em>TODAS LAS MARCAS, IM\u00c1GENES Y LOGOS CONTENIDAS EN NOSOLOCOMICS.COM SON COPYRIGHT DE SUS RESPECTIVOS PROPIETARIOS.<\/em><\/p>\n<p><em>NoSoloComics utiliza fuentes externas para la elaboraci\u00f3n de sus contenidos en algunas ocasiones y tambi\u00e9n establece links o hiperenlaces a art\u00edculos o informaciones de terceros citando siempre la fuente. El leg\u00edtimo titular de los derechos de autor de estas informaciones as\u00ed incluidas podr\u00e1 solicitar en cualquier momento la eliminaci\u00f3n de las referidas referencias.<\/em><\/p>\n<p><em>NoSoloComics participa en el Programa de Afiliados de Amazon EU, un programa de publicidad para afiliados dise\u00f1ado para ofrecer a sitios web un modo de obtener comisiones por publicidad, publicitando e incluyendo enlaces a Amazon.co.uk, Amazon.fr, Amazon.it, Amazon.es y es.buyvip.com<\/em><\/p>\n<p>Asimismo utilizamos el servicio de Amazon para realizar publicidad de sus productos. Por este motivo, incluimos aqu\u00ed el aviso que Amazon solicita\u00a0incluir para estos usos<br \/>\n\u201cCERTAIN CONTENT THAT APPEARS ON THIS SITE COMES FROM AMAZON SERVICES LLC. THIS CONTENT IS PROVIDED &#8216;AS IS&#8217; AND IS SUBJECT TO CHANGE OR REMOVAL AT ANY TIME.\u201d<\/p>\n","protected":false},"excerpt":{"rendered":"<p>TODAS LAS MARCAS, IM\u00c1GENES Y LOGOS CONTENIDAS EN NOSOLOCOMICS.COM SON COPYRIGHT DE SUS RESPECTIVOS PROPIETARIOS. NoSoloComics utiliza fuentes externas para la elaboraci\u00f3n de sus contenidos en algunas ocasiones y tambi\u00e9n establece links o hiperenlaces a art\u00edculos o informaciones de terceros citando siempre la fuente. El leg\u00edtimo titular de los derechos de autor de estas informaciones [&hellip;]<\/p>\n","protected":false},"author":1,"featured_media":0,"parent":0,"menu_order":0,"comment_status":"open","ping_status":"open","template":"","meta":{"_monsterinsights_skip_tracking":false,"_monsterinsights_sitenote_active":false,"_monsterinsights_sitenote_note":"","_monsterinsights_sitenote_category":0,"footnotes":""},"class_list":["post-248","page","type-page","status-publish","hentry"],"aioseo_notices":[],"_links":{"self":[{"href":"https:\/\/www.nosolocomics.com\/blog\/wp-json\/wp\/v2\/pages\/248","targetHints":{"allow":["GET"]}}],"collection":[{"href":"https:\/\/www.nosolocomics.com\/blog\/wp-json\/wp\/v2\/pages"}],"about":[{"href":"https:\/\/www.nosolocomics.com\/blog\/wp-json\/wp\/v2\/types\/page"}],"author":[{"embeddable":true,"href":"https:\/\/www.nosolocomics.com\/blog\/wp-json\/wp\/v2\/users\/1"}],"replies":[{"embeddable":true,"href":"https:\/\/www.nosolocomics.com\/blog\/wp-json\/wp\/v2\/comments?post=248"}],"version-history":[{"count":0,"href":"https:\/\/www.nosolocomics.com\/blog\/wp-json\/wp\/v2\/pages\/248\/revisions"}],"wp:attachment":[{"href":"https:\/\/www.nosolocomics.com\/blog\/wp-json\/wp\/v2\/media?parent=248"}],"curies":[{"name":"wp","href":"https:\/\/api.w.org\/{rel}","templated":true}]}}